 a multiple of 980?
False
Does 38 divide 2710730?
True
Does 1132 divide 9859991?
False
Is 251916 a multiple of 661?
False
Is 1404 a factor of 916812?
True
Is 334320 a multiple of 240?
True
Is 24 a factor of 121536?
True
Does 4 divide 29109?
False
Is 49 a factor of 61490?
False
Is 1381355 a multiple of 431?
True
Does 7 divide 267547?
True
Is 1767862 a multiple of 158?
True
Is 5 a factor of 27162?
False
Is 22 a factor of 3647600?
True
Does 22 divide 12310298?
True
Does 25 divide 1736499?
False
Is 1140 a factor of 1271169?
False
Is 80 a factor of 14320?
True
Is 75 a factor of 195525?
True
Is 6 a factor of 52944?
True
Is 6095807 a multiple of 45?
False
Is 15730 a multiple of 605?
True
Does 2 divide 57601?
False
Is 86 a factor of 72498?
True
Is 21 a factor of 4898132?
False
Is 683 a factor of 437803?
True
Is 20607216 a multiple of 2151?
False
Does 106 divide 3516444?
True
Is 990240 a multiple of 240?
True
Is 83545 a multiple of 749?
False
Is 118137 a multiple of 159?
True
Is 4 a factor of 56218?
False
Is 1126048 a multiple of 140?
False
Does 42 divide 434784?
True
Is 51 a factor of 5276970?
True
Is 39 a factor of 154142?
False
Is 22 a factor of 12914726?
True
Is 10 a factor of 12247261?
False
Is 10296 a multiple of 13?
True
Is 82 a factor of 6298198?
False
Is 225 a factor of 2076011?
False
Is 134 a factor of 7204?
False
Is 137387 a multiple of 474?
False
Is 109 a factor of 159140?
True
Is 340 a factor of 2210401?
False
Is 40 a factor of 2923082?
False
Is 26843 a multiple of 10?
False
Does 104 divide 4785?
False
Does 170 divide 551011?
False
Is 84382 a multiple of 31?
True
Is 72265 a multiple of 149?
True
Is 80 a factor of 756720?
True
Is 10 a factor of 333524?
False
Is 175050 a multiple of 389?
True
Is 26 a factor of 8294?
True
Does 1104 divide 3560400?
True
Is 664235 a multiple of 143?
True
Is 6908586 a multiple of 450?
False
Is 305 a factor of 100841?
False
Does 44 divide 97429?
False
Is 38 a factor of 1118829?
False
Is 621590 a multiple of 122?
True
Does 38 divide 267810?
False
Is 6 a factor of 4335216?
True
Is 54 a factor of 172044?
True
Is 136 a factor of 250244?
False
Is 263095 a multiple of 43?
False
Does 187 divide 86881?
False
Is 14579 even?
False
Is 154 a factor of 1333812?
False
Does 16 divide 39514?
False
Does 23 divide 2919367?
True
Is 23 a factor of 43539?
True
Is 68139 a multiple of 16?
False
Does 79 divide 45476?
False
Does 104 divide 103376?
True
Is 7 a factor of 652708?
True
Is 5977691 a multiple of 42?
False
Does 17 divide 40647?
True
Is 209841 a multiple of 113?
True
Is 20396959 a multiple of 862?
False
Is 15 a factor of 272423?
False
Is 3158253 a multiple of 32?
False
Is 148 a factor of 3617860?
True
Does 12 divide 2119369?
False
Is 1007664 a multiple of 55?
False
Does 50 divide 2048000?
True
Is 4010113 a multiple of 270?
False
Is 862734 a multiple of 106?
True
Does 16 divide 49088?
True
Is 21160 a multiple of 230?
True
Does 5 divide 1659286?
False
Does 16 divide 303841?
False
Is 272423 a multiple of 7?
False
Is 4 a factor of 473569?
False
Does 90 divide 195930?
True
Is 2 a factor of 60770?
True
Does 159 divide 137447?
False
Is 1225686 a multiple of 379?
True
Is 117220 a multiple of 5?
True
Does 18 divide 1806711?
False
Is 74 a factor of 878636?
False
Is 461 a factor of 1685066?
False
Is 1473300 a multiple of 9?
True
Is 34 a factor of 385214?
False
Is 83 a factor of 329261?
True
Does 4 divide 136551?
False
Is 20 a factor of 4101465?
False
Does 45 divide 1507127?
False
Is 6 a factor of 3414013?
False
Is 64 a factor of 930570?
False
Is 9 a factor of 76023?
True
Is 354 a factor of 1311879?
False
Is 21 a factor of 2505021?
False
Is 27 a factor of 37437?
False
Is 33 a factor of 209583?
True
Does 507 divide 4209621?
True
Does 1092 divide 2978963?
False
Is 134 a factor of 1609571?
False
Is 2007 a factor of 10863126?
False
Is 293706 a multiple of 444?
False
Does 973 divide 1201764?
False
Does 10 divide 352760?
True
Does 6 divide 21643872?
True
Is 2505461 a multiple of 57?
False
Is 4 a factor of 84362?
False
Is 8 a factor of 2436176?
True
Is 142 a factor of 686854?
True
Is 5096997 a multiple of 41?
True
Is 3028479 a multiple of 23?
True
Is 61680 a multiple of 80?
True
Does 507 divide 1518465?
True
Is 8141408 a multiple of 1616?
True
Does 6 divide 790320?
True
Is 20 a factor of 6641?
False
Does 30 divide 162000?
True
Is 17 a factor of 367693?
True
Is 376569 a multiple of 2?
False
Does 50 divide 2162177?
False
Does 15 divide 25725?
True
Is 345425 a multiple of 25?
True
Is 166 a factor of 681246?
False
Is 144672 a multiple of 44?
True
Does 413 divide 350637?
True
Does 183 divide 3955551?
False
Is 15 a factor of 163444?
False
Is 20 a factor of 2806656?
False
Does 13 divide 40261?
True
Is 237 a factor of 475854?
False
Is 66 a factor of 1864530?
False
Is 159 a factor of 202111?
False
Does 333 divide 184815?
True
Is 119 a factor of 3011574?
False
Is 2 a factor of 420058?
True
Is 51811 a multiple of 25?
False
Is 23722006 a multiple of 16?
False
Is 11 a factor of 12463?
True
Does 65 divide 1151244?
False
Does 52 divide 351936?
True
Is 50821 a multiple of 7?
False
Is 743907 a multiple of 57?
True
Is 1381125 a multiple of 15?
True
Does 220 divide 1550340?
True
Does 125 divide 421750?
True
Is 2484924 a multiple of 884?
True
Is 7 a factor of 1785294?
True
Is 18406 a multiple of 3?
False
Does 56 divide 2580536?
True
Is 89540 a multiple of 407?
True
Is 4 a factor of 316371?
False
Does 136 divide 15575536?
True
Does 118 divide 226442?
True
Is 47 a factor of 78302?
True
Does 40 divide 2654998?
False
Does 107 divide 8560?
True
Is 340510 a multiple of 34?
True
Is 67 a factor of 851369?
True
Is 837 a factor of 5834727?
True
Is 146226 a multiple of 130?
False
Is 23 a factor of 17166019?
False
Is 143 a factor of 167167?
True
Is 57 a factor of 1245393?
True
Is 1563 a factor of 15279764?
False
Does 111 divide 1737816?
True
Is 3156684 a multiple of 16?
False
Does 543 divide 3569139?
True
Is 15 a factor of 1729428?
False
Does 32 divide 4175584?
True
Does 700 divide 284788?
False
Is 52 a factor of 16735216?
False
Does 9 divide 15582?
False
Does 10 divide 11376?
False
Does 13 divide 5726279?
True
Does 15 divide 145385?
False
Is 52744 a multiple of 76?
True
Is 124190 a multiple of 10?
True
Is 28712 a multiple of 59?
False
Is 252813 a multiple of 33?
True
Is 15096741 a multiple of 11?
True
Does 14 divide 101756?
False
Is 7 a factor of 5505?
False
Does 59 divide 66375?
True
Is 2113614 a multiple of 54?
True
Is 538612 a multiple of 127?
False
Is 4 a factor of 12793?
False
Is 1603053 a multiple of 159?
False
Is 51205 a multiple of 11?
True
Is 6 a factor of 1363866?
True
Does 15 divide 236805?
True
Is 117 a factor of 81081?
True
Is 2678025 a multiple of 25?
True
Is 118 a factor of 1638295?
False
Is 114947 a multiple of 3?
False
Is 87 a factor of 973729?
False
Does 15 divide 4293?
False
Is 148250 a multiple of 12?
False
Is 119239 a multiple of 637?
False
Is 35318 a multiple of 18?
False
Is 9207 a multiple of 2?
False
Is 643123 a multiple of 4?
False
Is 86 a factor of 30272?
True
Does 486 divide 670325?
False
Is 219348 a multiple of 218?
False
Is 363744 a multiple of 8?
True
Does 155 divide 112840?
True
Does 29 divide 51272?
True
Is 30 a factor of 3663840?
True
Is 115 a factor of 4766750?
True
Is 21473 even?
False
Is 23 a factor of 360378?
False
Does 546 divide 721812?
True
Is 79 a factor of 997482?
False
Is 81 a factor of 124254?
True
Is 125009 a multiple of 41?
True
Is 13 a factor of 79326?
True
Does 45 divide 327507?
False
Does 37 divide 1759882?
False
Is 286183 a multiple of 48?
False
Is 5 a factor of 84670?
True
Does 180 divide 935487?
False
Is 860168 a multiple of 152?
True
Is 132393 a multiple of 14?
False
Is 178 a factor of 839804?
True
Is 84 a factor of 3673740?
True
Is 54530 a multiple of 41?
True
Is 5 a factor of 18746?
False
Is 13 a factor of 353416?
False
Is 14 a factor of 22092?
True
Is 13721820 a multiple of 222?
True
Is 380 a factor of 4667079?
False
Is 66794 a multiple of 14?
True
Does 10 divide 282550?
True
Does 8 divide 5339825?
False
Is 6095196 a multiple of 192?
False
Does 612 divide 843336?
True
Does 174 divide 470593?
False
Is 536 a factor of 8418030?
False
Is 120 a factor of 28540?
False
Is 478248 a multiple of 24?
True
Does 7 divide 289667?
T